g = m + -99. What is the units digit of g?
2
Let b(v) = 3*v**2 + 9*v + 5. Let k be b(-3). Suppose 175 = k*c + 2*x, -3*c - 5*x + 91 = -c. What is the tens digit of c?
3
Let o(l) = -l**3 + 28*l**2 + 149*l - 15. What is the tens digit of o(30)?
5
Let u = -55 + 87. Suppose 0 = -i + 4*w + 24, 2*w - 3 + 9 = -i. Suppose i*k - 128 = -u. What is the units digit of k?
4
Let h be (-16)/(-6)*6/2. Suppose 4*s - h*s = -116. What is the units digit of s?
9
Suppose -4*s = -5*b + 11004, 3*b = -7*s + 8*s + 6601. What is the hundreds digit of b?
2
Suppose p - 1976 + 575 = 0. What is the hundreds digit of p?
4
Suppose -3*d - 3*r + 894 = 0, 7*d - 11*d + r + 1177 = 0. What is the hundreds digit of d?
2
Let a(t) = 9*t**3 - t**2 - t + 1. Let h be a(1). What is the hundreds digit of h*(-1 + -2 + (-83)/(-4))?
1
Suppose -2218 = -14*w + 1408. What is the units digit of w?
9
Suppose -66 = 3*p + 3*b - 7*b, 3*p - b + 57 = 0. Let z be 4/14 - p/(-14). Let s(x) = 20*x**2 + x - 1. What is the units digit of s(z)?
8
Let q = 1 + 209. Suppose 390 = 6*r - q. What is the hundreds digit of r?
1
Suppose 2*l + 5*l - 42 = 0. Suppose 9*x = l*x + 837. What is the units digit of x?
9
Let r(x) = -x**3 - 6*x**2 - 5*x - 3. Let j be r(-5). Let w(m) = -2*m**3 - 2*m**2 - 4. Let n be w(j). What is the units digit of (3 - 3 - -3) + n?
5
Suppose -4*z + 3*w + 1940 = 0, -5*z + 2460 = 5*w - 0*w. What is the units digit of z?
8
Let v(f) = 2*f**3 + 17*f**2 + 17*f + 3. What is the hundreds digit of v(7)?
6
Let x(g) = 2*g**3 + 31*g**2 - 24*g + 33. What is the hundreds digit of x(-14)?
9
Let y(n) = -n. Let k be y(9). Let b(a) = -a**3 - 9*a**2 + 13. Let p be b(k). Let i = p - 5. What is the units digit of i?
8
What is the tens digit of 6/(-24) + 63798/24?
5
Let l(f) = 3*f**3 + 2*f**2 - 2*f - 3. Let o be l(-2). What is the units digit of (o/12)/((-4)/80)?
5
Suppose 2*j - 9 - 1 = 0. Suppose 2*q - 42 = 4*s, -j*s + 27 = 3*q + 8. What is the units digit of q?
3
Suppose 29 = j + 3. Let l = j - 21. Suppose -s - 192 = -l*s. What is the tens digit of s?
4
Let j be 28/(-35)*(-10)/(-4). Let d be 119 - j*(-9)/6. Suppose w - d = -3*w + v, 0 = -5*v. What is the tens digit of w?
2
Suppose 4*n + 2*d = 272, 0*d - 203 = -3*n - d. Let i(g) = -g**3 - 7*g**2 - g - 8. Let x be i(-6). Let m = n + x. What is the tens digit of m?
2
Let n = 130 - 126. Let i = n - -251. What is the units digit of i?
5
Let g(z) = z**3 - 11*z**2 - 13*z + 15. Let p be g(12). Suppose 0 = 5*j + w - 124 - 7, p*w = j - 23. What is the tens digit of j?
2
Let m = 86 - -65. What is the hundreds digit of m?
1
Let c be (4/3)/((-1)/3). Let s be (-12)/(-2)*(3 + c). What is the units digit of ((-21)/s)/((-3)/(-12))?
4
Let u(a) = 94*a**2 - 6*a + 8. What is the thousands digit of u(4)?
1
Let u = -331 - -642. What is the units digit of u?
1
Suppose -3*k - 174 = 3*u, 3*k + k - 281 = 5*u. Let q = 89 + u. Let c = 35 - q. What is the units digit of c?
3
What is the thousands digit of 42150/32 + (-114)/608?
1
Let q = -65 + 70. Suppose -5*g + 5*z = -130, q*z = -4*g + 4*z + 84. What is the tens digit of g?
2
Let o = -489 + 653. What is the units digit of o?
4
Let g = -452 + 986. What is the hundreds digit of g?
5
Suppose 48*v + 1058 = 50*v. What is the tens digit of v?
2
What is the hundreds digit of (-3 + (-7)/(14/(-780)))*1?
3
Suppose 5*v = -2*n - 16, 5*v + 9 = n - 13. Suppose -6*t + 312 = -n*t. What is the tens digit of t?
7
Let n(s) be the first derivative of 41*s**3/3 - s**2 - 2*s + 7. What is the units digit of n(-1)?
1
Let q = -194 - -622. What is the units digit of q?
8
Let j(r) = r + 1. Let z be ((-60)/(-50))/((-4)/10). Let w(a) = 9*a - 2. Let f(s) = z*j(s) - w(s). What is the units digit of f(-1)?
1
Suppose 7010 - 1784 = 2*n. What is the thousands digit of n?
2
Suppose -4*m - 6*m + 1750 = 0. Suppose v + m = 6*v. What is the tens digit of v?
3
Suppose y + 8 = 2*y. Suppose -4*n + y = -4*w, -4*n = 2*w + w - 43. Suppose u = n + 2. What is the units digit of u?
9
Let d(q) = -3*q**3 - 5*q**2 + q + 7. Let v be d(-4). Suppose -v = 3*z - 8*z. What is the tens digit of z?
2
Suppose -o + i + 24 + 20 = 0, -i = 5. Let z = 12 - 13. What is the tens digit of z*o/((-3)/3)?
3
What is the hundreds digit of (-43372)/(-10) + ((-28)/(-35))/(-4)?
3
Let x(j) = 3 + 3*j - 8 + 2 - j. What is the tens digit of x(8)?
1
Let j = 58 - -64. Let l = 273 - j. Suppose -2*q - 80 = -2*r, l = 3*r - 5*q + 25. What is the units digit of r?
7
Let z(c) = 0*c + c + 13 - c**2 + 0*c**2. Let n be z(0). Suppose 5 + n = i - h, 72 = 4*i + 4*h. What is the tens digit of i?
1
Suppose -5*o + 25 = -4*o. Let w(a) = 6*a**2 - 3*a - 3. Let y be w(-2). Suppose o*b - y*b = -32. What is the units digit of b?
6
Suppose -4*k - 1105 = -3*c, -5*k = -0*c + 5*c - 1900. What is the units digit of c?
5
Let j = -71 + 71. Suppose 4*l + 4*i - 364 = 0, j*l - 3*l - 5*i = -265. What is the units digit of l?
5
Let s(w) = w + 3*w + 20 - 3*w + 6*w. What is the units digit of s(9)?
3
Let n(f) = f**2 - 7*f + 8. Let c = 11 - 5. Let t be n(c). What is the units digit of (-10)/5*(-7)/t?
7
Suppose 2*b = 2*v - 4*v + 12, 3*v + 5*b - 18 = 0. What is the units digit of v?
6
Let w be (-5)/(3 - -2)*-3. Suppose -n = -4*n - 5*o + 208, 192 = w*n - 3*o. What is the tens digit of n?
6
Suppose -s + 20 = 3*w, -2*s - 36 = -4*w - s. Suppose w*u + 258 = 11*u. What is the units digit of u?
6
Suppose -g = 3*g - 48. Let i = 25 - g. What is the tens digit of i?
1
Let b(y) = y**3 + y**2 + 2*y - 4. Let o(c) = 2*c**3 + 2*c**2 + 3*c - 4. Let t(h) = -3*b(h) + 2*o(h). Let u = -2 + 2. What is the units digit of t(u)?
4
Let r = 2244 - -2624. What is the units digit of r?
8
Let b(r) = -60*r - 34. What is the tens digit of b(-6)?
2
Let y = 458 + -678. Let m = y - -457. What is the tens digit of m?
3
Suppose 4*g - 97 = -3*d, g + d - 30 = -6. Suppose 2*o = -3*o + g. Suppose -p + 5*s = 4*p - 40, o*p - 4*s - 45 = 0. What is the tens digit of p?
1
Let r = 20 - 9. Suppose -q - 3*f = -r, 4*q - 3*q - 2*f - 1 = 0. Suppose q*n = 116 + 4. What is the units digit of n?
4
Let v = 29 - -26. Let t = 2 + v. What is the units digit of t?
7
Suppose 10*n = 116 + 124. Let f = 2 + n. What is the tens digit of f?
2
Let b be 0/6 - (2/(-2) - 2). Suppose 0 = b*v - 4*n - 23, 0*v - 2*v + 2*n = -14. What is the units digit of v?
5
Let m(d) = 200*d**2 - 25*d + 41. What is the thousands digit of m(5)?
4
Let a be 18/15*(-45)/(-18). Suppose 0 = n - a*n + 120. What is the tens digit of n?
6
Suppose -11*d - 272 + 1449 = 0. What is the hundreds digit of d?
1
Let n be (-6)/14 - 248/(-56). Suppose 0 = -9*v - n*v + 2873. What is the units digit of v?
1
Suppose 0 = -h - 3*k + 415, 0 = -3*h - 5*k + 94 + 1171. What is the units digit of h?
0
Suppose 2 = -c - z + 6, 5*c - z - 14 = 0. Let b(j) = -j**3 + 2*j**3 + 0*j**3 - 2*j**3 - c + 4*j**2 + j. What is the units digit of b(4)?
1
Let v = -17 + 21. Let y be 135/(-10)*v/(-6). Suppose -2*z - 3 + y = 0. What is the units digit of z?
3
Let y = -50 - 159. Let x = y - -365. What is the hundreds digit of x?
1
Suppose 0 = 2*f - 6*f + 788. Suppose 3*b = f + 130. What is the tens digit of b?
0
Let m(z) = 2*z**2 - 36*z + 209. What is the units digit of m(7)?
5
Suppose 17*d + 4*z + 2331 = 22*d, 5*d = 2*z + 2333. What is the tens digit of d?
6
Let u be -9*((-50)/(-15) - 3). What is the units digit of (116 + -5)/(u/(-2))?
4
Let g(b) = 2*b**3 - b**2 + b - 1. Let z(i) = -i - 2. Let l be z(-4). Let o be g(l). What is the tens digit of o - (2 + -2 + 2)?
1
Suppose -3*j + 6 = 0, j + 213 = g - 424. What is the tens digit of g?
3
Let b be 2*2/(-8)*-4. What is the units digit of -4 + (-4)/(-1) + b?
2
Let a = 774 + -535. What is the units digit of a?
9
Suppose 0 = o - 3*z - 1385 + 95, 4*z = -o + 1283. What is the units digit of o?
7
Let m(z) = 196*z**2 - 3*z + 7. Let p(n) = 197*n**2 - 4*n + 9. Let u(g) = 4*m(g) - 3*p(g). What is the hundreds digit of u(1)?
1
Suppose 602 = -2*s - s - 4*c, 4*s = -2*c - 786. Let z = 279 + s. What is the units digit of z?
5
Let g = -169 - -310. Suppose -531 = -12*h + g. What is the units digit of h?
6
Let d(g) = -10*g + 2. Let i(x) = 20*x - 3. Let n(a) = -5*d(a) - 3*i(a). Let p = 10 - 14. What is the units digit of n(p)?
9
Let h be (-14)/28 + (-15)/(-2). Suppose -h*s + 1201 - 193 = 0. What is the units digit of s?
4
Let c(w) = 6*w**2 + 7*w - 6. What is the u